 5*o - a + 425. Let t = o - i. List the prime factors of t.
2, 3
Let b be (-2)/19 - ((-3492)/(-76))/(-9). Suppose 7*n + 2*i - 4198 = 3*n, 0 = -b*n + 4*i + 5280. What are the prime factors of n?
2, 263
Let n(o) = 54*o - 5 + 11 + 0 - 6. Let j(q) = -q - 9. Let a be j(-11). List the prime factors of n(a).
2, 3
Suppose 3*l + 3*j = 30, -l = -3*l - 3*j + 23. Suppose l*s + 6 = 4*s. What are the prime factors of (3 + s)*1 - (-210)/2?
2, 53
Let m be (-584)/(-14) - 3 - 8/(-28). Let z = m + 33. Let k = 150 - z. List the prime factors of k.
2, 3, 13
Let u = 4844 + -1786. List the prime factors of u.
2, 11, 139
Let p = 5885 - 4729. What are the prime factors of p?
2, 17
Suppose 2*z - 128 = -3*m - 2*z, -3*z + 6 = 0. Let o = 51 - m. What are the prime factors of o?
11
Let n = 19 - 7. Suppose 1252 = 2*h - 32. Suppose -n*g + 9*g = -h. List the prime factors of g.
2, 107
Suppose -2*g - 8 + 16 = 0. Let c be 7/(7/(-470))*-11. List the prime factors of c/30 - 1/((-6)/g).
173
Let z = 64 + -60. Suppose 3*y + z*a + 44 = 0, -y - 4*a - 4 = -3*y. List the prime factors of (y/(-6))/(16/312).
2, 13
Let f = -71 - -122. Let v(k) = 433*k - 4433. Let b be v(11). Suppose -f*s + 46*s = -b. List the prime factors of s.
2, 3, 11
Let r(c) = 6*c**2 + 20*c - 27. Let j(x) = -17*x**2 - 61*x + 82. Let o(l) = 4*j(l) + 11*r(l). List the prime factors of o(-13).
5
Suppose -n + 69 = 2*n. Suppose 0 = 2*h + 2, 5*i + 4*h = 8*h - 36. Let z = i + n. What are the prime factors of z?
3, 5
Let a(f) = 111*f**2 + 3*f - 3. Let u be a(-3). Suppose 0 = 2*p - 5*s + 30, 18 = -5*p + 16*s - 13*s. Suppose p = -7*t + u + 420. List the prime factors of t.
3, 67
What are the prime factors of -3*(-23366)/(-21)*(-2 - -1)?
2, 1669
Let k = -31784 - -61117. What are the prime factors of k?
29333
Let b = -7534 + 18001. What are the prime factors of b?
3, 1163
Let n(i) = -122*i + 74. Let r(u) = -9*u**2 - 8*u - 4. Let m be r(-1). What are the prime factors of n(m)?
2, 3, 19
Suppose -9*s + 70 = s. What are the prime factors of s + 7 + 6 + 669?
13, 53
What are the prime factors of -1 + 2 - (-56)/(-42) - (-10040)/6?
7, 239
Let l = 71 + -74. Let a be 585/5*(-1)/l. List the prime factors of (-1 + -2)/(-1)*a/9.
13
List the prime factors of 56420/8 - (-1)/(-2).
2, 41, 43
Let g(o) = 10*o + 129. Let p be g(-18). Let b be (-4 + -593)*(-1)/3. Let v = p + b. List the prime factors of v.
2, 37
Suppose u = -3*p - 21, 89 = -4*u + p + 5. Let d(i) = -i**3 - 19*i**2 - 7*i + 15. What are the prime factors of d(u)?
2, 3, 29
What are the prime factors of 489576/26 + (-260)/(-1690)?
2, 5, 7, 269
Let y be 52/3*153/(-34). Suppose 65 = -h + 10. Let i = h - y. What are the prime factors of i?
23
Suppose -5*s = q - 926, -13*q - 2713 = -16*q - 2*s. Suppose 5*o - q = -2*m, -3*m - 2*o + 1632 = 253. What are the prime factors of m?
463
Suppose -149*u + 137*u + 141324 = 0. List the prime factors of u.
11777
Let a(t) = 2*t**2 + t + 80. Let g be a(-26). Suppose -4*l + 87 = -4*o + 1483, 4*o + l - g = 0. What are the prime factors of o?
3, 13
Suppose 1 - 7 = 2*a. Let t be -78*(-4 + 1)/a. Let j = -10 - t. What are the prime factors of j?
2, 17
Let g(o) = 117*o - 4. Let q(t) be the second derivative of t**4/12 + 7*t**3/6 + 11*t**2/2 + 21*t. Let l be q(-5). List the prime factors of g(l).
113
Suppose -1255 = -3*n + 3*s + 527, -5*n + 2970 = -4*s. Suppose 0 = 4*j + 154 - n. List the prime factors of j.
2, 5, 11
Let v = 333 + -302. Suppose -2*r = 5*b - 1 - v, -3*b + 3*r + 36 = 0. List the prime factors of b.
2
Let z(b) = 2*b + 16*b**3 - 24*b**3 + 7*b**3 - 5. Let j be z(-2). List the prime factors of ((-4)/10 - -2)/(j/(-130)).
2, 13
Suppose 10*t + 183 + 67 = 0. What are the prime factors of 5/t + (-48)/10 + 876?
13, 67
Let b(i) = -7*i**3 - 4*i**2 - 6*i - 5. Let f = 4 + -7. Let j be b(f). Suppose -c + 0*c = 5*h - j, 4*h - 520 = -3*c. What are the prime factors of c?
2, 11
Suppose 0 = -9*i + 5*i - 248. Let o = i - -114. What are the prime factors of (-5)/(80/o)*-24?
2, 3, 13
Let d(s) = -1184*s**3 + 4*s**2 + 15*s + 10. List the prime factors of d(-1).
7, 13
Let s = 18260 - -3638. What are the prime factors of s?
2, 10949
Suppose 2*y + 3*m = 10, 0 = -y + 5*y + m - 30. Suppose 11*g = y*g + 12. What are the prime factors of -2 + 172/(8/(g/1))?
2, 3, 7
Let y(w) = -w**2 - 2*w - 3. Let b be y(0). Let i be 12/b + 0 + 239. Suppose 10*l - 5*l = i. What are the prime factors of l?
47
Let n = 12868 + -5739. List the prime factors of n.
7129
Let f = 100232 + -37220. What are the prime factors of f?
2, 3, 59, 89
Suppose 168*j = 1403351 + 1453677 + 1926940. What are the prime factors of j?
2, 3, 7, 113
Let t = -1738 + 5933. List the prime factors of t.
5, 839
Let p = -7962 + 24531. What are the prime factors of p?
3, 7, 263
Let w(s) = -23*s - 7. Let g be w(0). Let a = g + 229. What are the prime factors of a?
2, 3, 37
Let v = -589 - -579. List the prime factors of (-50)/v*(-2 - -3) + 436.
3, 7
Suppose -58*c + 57*c = 2, -2*y - 5*c + 5064 = 0. List the prime factors of y.
43, 59
Let z be (-6 - 0)/((-42)/28) - 4. Let g(s) = s**3 - 2*s**2 - s + 201. What are the prime factors of g(z)?
3, 67
Let l = 280 - 276. Suppose 851 + 853 = 5*b + 3*p, -2*p = l. List the prime factors of b.
2, 3, 19
Let i(a) = 329*a + 5363. What are the prime factors of i(40)?
18523
Let s(v) = -2*v**3 + 101*v**2 - 49*v - 43. What are the prime factors of s(50)?
7
Let u(j) = 19*j**2 + 11*j + 7 - 3*j**3 + j**3 - 7. Suppose 31*w - 36*w = 3*a - 62, -3*w = 3*a - 42. What are the prime factors of u(w)?
2, 5
Let z = 644 + -1009. Let m = 516 + z. List the prime factors of m.
151
Let x(d) = -2*d**2 + d**3 - 8*d - 2*d**2 + 30 - 9*d**2. List the prime factors of x(16).
2, 5, 67
Suppose -18*m + 13*m + 10 = 0, 2*b = 2*m + 86754. List the prime factors of b.
7, 6197
Suppose 23*m - 9435 = 18*m - 5*q, -5*m - 2*q + 9438 = 0. List the prime factors of m.
2, 59
Let w = 3531 + 980. What are the prime factors of w?
13, 347
Suppose 13*l + 127682 - 622332 = 0. What are the prime factors of l?
2, 5, 761
Let n(v) = 169*v - 144. Let u be n(21). Suppose -3*w + u = f, -w + 5661 = 4*w - 3*f. What are the prime factors of w?
2, 3, 7
Let p be 22636/36 - -1 - 12/(-54). Suppose -109*n + 115*n = p. What are the prime factors of n?
3, 5, 7
Let i(y) = -y**2 - 8*y - 6. Let m(p) = -p**3 - 12*p**2 + 12*p - 19. Let z be m(-13). Let s be i(z). Suppose -s*b = -4*b - 60. What are the prime factors of b?
2, 3, 5
Let c(q) = -2*q**3 + 3. Let v be c(0). Suppose -5*b = -4*o + 1, -5*b = -v*o + 6*o + 43. List the prime factors of (32/(-10))/(o/165).
2, 11
Suppose -47*n + 86905 = 18*n. List the prime factors of n.
7, 191
Let d(y) = 114*y + 74. Let s be d(-8). Let m = 935 - s. What are the prime factors of m?
3, 197
Let c(p) be the first derivative of -1/3*p**3 - 9/2*p**2 - 10 - 11*p. What are the prime factors of c(-5)?
3
Let q(j) = -163 + 7*j**2 - 4*j**2 + 10*j**2 + 9*j**2 + 26*j + 22*j**2. List the prime factors of q(5).
11, 97
Suppose 12*n + 121185 = 4*n + 17*n. What are the prime factors of n?
5, 2693
Suppose 5*b - 2*n - 12126 = 0, 3*b + n - 7500 = -231. Suppose -919*r + b = -913*r. What are the prime factors of r?
2, 101
Suppose -3*p - 4*r + 188950 - 33678 = 0, 5*p + 2*r = 258754. List the prime factors of p.
2, 17, 761
Suppose 2*f + 569660 = 14*f + 23*f. What are the prime factors of f?
2, 13, 313
Suppose 490453 + 11010 = 115*n + 6618. What are the prime factors of n?
13, 331
Suppose -9*f + 225165 = -3*c, -3*c = -5*f - 45661 + 170758. What are the prime factors of f?
3, 31, 269
Let p(i) = -i**3 + 19*i**2 - 27*i - 11. Suppose 19 = j + 3*t, -t + 10 = j - 7. What are the prime factors of p(j)?
5, 13
List the prime factors of (3 + -11998)*(-49)/245.
2399
Let u = 12308 - 7390. List the prime factors of u.
2, 2459
Let m be 4 + -6 + 10 - 8. Suppose 8*h - 2*s = 5*h + 3161, m = -2*s - 8. What are the prime factors of h?
1051
Let z(b) = b**2 + 26*b + 2. Let g be z(-26). Suppose 6*j + 2685 = 5*p + g*j, 2*p - 1046 = -4*j. List the prime factors of p.
13, 41
Let f(d) = -43*d + 43. Let c = -97 + 88. Let g be f(c). Suppose -9*r + 14*r - g = 0. What are the prime factors of r?
2, 43
Suppose -31*s = -40*s + 27. Suppose -s*t = 410 - 1634. List the prime factors of t.
2, 3, 17
Suppose 11 = 4*n - 5. Let a be 8/1*2/n. Suppose -5*p = a*o - 0*p - 108, -3*p = 4*o - 108. Wha